 Let j be f(-12). Let h = 18 + -3. What is the remainder when ((-2)/(-4))/(2/j) is divided by h?
13
Suppose -5*a - 5 = 0, 4*p - p = 5*a + 23. What is the remainder when (-23)/(-2*2/4) is divided by p?
5
Let a(f) = 26*f - 130. What is the remainder when a(27) is divided by 64?
60
Calculate the remainder when 23 is divided by ((-52)/(-39))/(1/3).
3
Let g(l) = 12*l**2 - l + 5*l - 4 + 1 - 6*l. What is the remainder when g(-2) is divided by 17?
15
Suppose -6*d + 34 = -d + 4*c, 3*d = -5*c + 23. Calculate the remainder when 57 is divided by d.
3
Let l = -357 - -411. Calculate the remainder when 267 is divided by l.
51
Let t = -30 + 35. Suppose t*w = 297 - 117. What is the remainder when w is divided by 19?
17
Let b be (32/(-10))/((-8)/20). Suppose -84 = -b*n + 2*n. Let i = 63 - 25. What is the remainder when i is divided by n?
10
What is the remainder when 100 is divided by 10/(-4 + (-2 - -4)) + 43?
24
Let d = 61 - -23. Suppose 4*a - d = -3*a. Let b(s) = 4*s**2 - 3*s. What is the remainder when b(-3) is divided by a?
9
Let r = 28 - 26. Suppose 4*n - 14 = -r*o + 114, -n = -2*o - 22. Calculate the remainder when 85 is divided by n.
25
Suppose 2*l - 4 = 56. Let y = 10695 + -10611. Calculate the remainder when y is divided by l.
24
Let a(t) = -t**2 + 18*t - 41. Let r be a(16). What is the remainder when 1 - (r - -9)*(-2)/(-2) is divided by (2/2 + 0)/1?
0
Let x = 9116 - 9107. Let v(n) = -n**3 - n + 6. What is the remainder when x is divided by v(0)?
3
Suppose 3*l = -3*f + 27, -5*f - 2*l + 7*l + 15 = 0. Let u = 117 - 108. What is the remainder when -4 - u/((-18)/40) is divided by f?
4
Let q = 156 + -106. Calculate the remainder when q is divided by 11.
6
Let a = -156 + 198. What is the remainder when a is divided by 11?
9
Let y = -22 - -60. Let t(l) = -5*l**2 - 191*l - 30. Calculate the remainder when y is divided by t(-38).
6
Let x(l) = -l - 5. Let w be x(-7). Suppose 10 = 3*d - w. Let f = -205 + 220. What is the remainder when f is divided by d?
3
Let i = -24 - -42. Suppose 0 = -o - 2*o + i. Calculate the remainder when o is divided by (-1)/((-3)/(-6)) - (-1 + -6).
1
Let x be (-3)/(-1*(-2 + 4 - 1)). Calculate the remainder when (x/5 + 608/(-80))*-1 is divided by 3.
1
Let a = 101 - 86. Let o = 59 - a. Calculate the remainder when o is divided by 9.
8
Let l(q) = -2*q + 1. Suppose 3*v + 2*g = -25, v - 5*g + 2 - 22 = 0. Let p(c) = 4*c - 8. What is the remainder when p(7) is divided by l(v)?
9
Suppose -5188 = -8*l - 828. Calculate the remainder when l is divided by 88.
17
Let d(f) = -f - 1. Let t be d(-3). Suppose -s + t*s - 18 = 0. What is the remainder when s is divided by 11?
7
Suppose 2*h + 2*c - 4*c + 14 = 0, 0 = 5*h - c + 15. Let k = 24 - h. What is the remainder when k is divided by 10?
6
Suppose -5*o - 63 = t - 15, o = 5*t + 214. Let k = t - -62. Let r(h) = 2*h**3 - 5*h**2 + 3*h - 4. Calculate the remainder when r(4) is divided by k.
18
Suppose 0 = t - 4*f - 47, 86 = 2*t + 2*f - 18. Calculate the remainder when 105 is divided by t.
3
Suppose 2*l + 2 = 2*a, a + 10 = 4*l + 4*a. Suppose -l = -2*y + 17. Calculate the remainder when 17 is divided by y.
8
Suppose -x - 2*z + 0*z = 11, 5*x + 37 = -z. Let w = 37 + x. Calculate the remainder when 87 is divided by w.
27
Let b(i) = -11*i + 26. Let k be b(-7). Let u = 116 - k. Calculate the remainder when u is divided by 3.
1
Let h(u) = -51*u**3 + 2*u**2 + 2*u + 1. Let o be h(-1). Calculate the remainder when 38 is divided by 1*3/12*o.
12
Let z(y) = -8*y**3 + 2*y + 2. Let f = -11 - -15. Calculate the remainder when (1*-1)/(f/(-124)) is divided by z(-1).
7
Suppose -32*b + 352 = -128. Calculate the remainder when b is divided by 13.
2
Let u(t) = 12*t + 2*t**2 - 6*t - 3 + t + 0. Calculate the remainder when 136 is divided by u(-7).
44
Suppose 3*y - 20 - 7 = 0. Let r = y + 77. Let s = r + -25. What is the remainder when s is divided by 21?
19
Let j = 306 - 284. Calculate the remainder when 40 is divided by j.
18
Suppose 6*a - 255 = -9. What is the remainder when a is divided by 19?
3
Calculate the remainder when (3 - 1)*(-2072)/(-112) is divided by 6.
1
Suppose -36 = -35*s + 104. What is the remainder when 108 is divided by s?
0
Let n(p) = p**3 + 6*p**2 - 7*p - 10. Let d be n(-7). What is the remainder when -1*(-1)/1 - 558/(-93) is divided by (-22)/d - (-2)/(-10)?
1
Let z(r) = -r**3 + 4*r. Let i be z(-3). Suppose 0 = 2*j - 3 - i. What is the remainder when j is divided by 3?
0
Let u(k) = 3*k**2 - 10*k + 7. Let f(r) = -r**2 - 4*r + 2. Let c be f(-2). Let p = 23 + c. What is the remainder when u(6) is divided by p?
26
Suppose -3*r - 2*k + 25 = -k, 3*r = 3*k + 33. Let h = 1017 - 947. What is the remainder when h is divided by r?
7
Let m(a) = -a**3 - 35*a**2 - 38*a + 18. What is the remainder when m(-34) is divided by 137?
17
Suppose 2*x + 4 + 0 = 5*n, -3*n = x + 2. Calculate the remainder when 28 is divided by x + 3 - 28/(6/(-3)).
13
Let z = 15 + -13. Calculate the remainder when (z/2)/(3/177) is divided by 30.
29
Let z = 0 + 8. Let a(c) = c**3 - 11*c**2 - 24*c + 4. Calculate the remainder when a(13) is divided by z.
6
Let o(f) = 286*f**3 + 3*f - 3. Calculate the remainder when o(1) is divided by 42.
34
Let d = -22 - -13. Let f = -7 - d. Suppose -g + 3*b = -2*g + 30, -27 = -g - f*b. Calculate the remainder when g is divided by 11.
10
Let j(z) = -z + 20. Calculate the remainder when 26 is divided by j(6).
12
Suppose 7*z + 7 = -14. Let y(x) = -2*x**3 - 3*x**2 - 4. What is the remainder when 35 is divided by y(z)?
12
Suppose -43*x - 48 = -55*x. Suppose -w + 4*w = 5*g - 77, 4*w = 2*g - 28. What is the remainder when (-162)/(-8) - x/g is divided by 8?
4
Let z(q) = q + 7. Suppose 0 = 2*m - 0*m - 16. Let l = 3 - -54. Calculate the remainder when l is divided by z(m).
12
Suppose 0 = 7*h + 17*h - 168. Calculate the remainder when 33 is divided by h.
5
Calculate the remainder when 14/(-105) + 9321/45 is divided by 100.
7
Let o(z) = -2*z + 41. What is the remainder when 28 is divided by o(13)?
13
Let s be ((-6)/(-7))/((-2)/(-14)). Let a(b) = -b**2 + 6*b + 7. Let y be a(s). Let r = 13 - y. What is the remainder when 23 is divided by r?
5
Calculate the remainder when 91 is divided by (180/(-24))/15*-10.
1
Let t(l) = -5*l + 13. What is the remainder when 81 is divided by t(-8)?
28
Suppose -22 = -2*i + i + 2*k, -5*k - 62 = -3*i. Calculate the remainder when i is divided by 10.
4
Let x(m) = 6*m**2 + 3*m + 2. Let v be x(-4). Suppose -o + 71 + 12 = -4*d, o - v = 5*d. Calculate the remainder when o is divided by 25.
21
Suppose 2*n + 50 = -3*m, -2*n - 46 = -0*m + 5*m. Let g be 11/(-22) - (-206)/(-4). Let f = n - g. What is the remainder when 94 is divided by f?
22
Calculate the remainder when 142 is divided by 74 + (-9)/((-27)/15) + -2.
65
Suppose 5*u = -5*k - 62 + 187, 5*k - 99 = -4*u. Calculate the remainder when (4 + 178/6)*3 is divided by u.
23
Let n be (98/35)/(2/5). Suppose -q + 3*k + 69 = n*k, 4*q - 176 = 4*k. Let r = q - 19. What is the remainder when 118 is divided by r?
28
Let s(w) be the second derivative of w**4/12 + w**3/6 + 4*w**2 + 20*w. What is the remainder when s(-6) is divided by 8?
6
Suppose 74 - 859 = -5*j. Suppose 2*x - 50 = 4*g, g + 43 - j = -5*x. What is the remainder when 65 is divided by x?
19
Let g(q) = -6*q**2 - 106*q + 37. What is the remainder when g(-16) is divided by 19?
7
Let p = 19 - 2. Suppose -3*a + p = 3*w - 4*a, 3*a = -w + 9. What is the remainder when w is divided by 3?
0
Suppose n + g = 3*g + 4, 0 = 3*n - g + 3. What is the remainder when (82 - 1)*2*(-1)/n is divided by 12?
9
Let s be (1/1)/(7/14). Let l(u) = 3*u - 7*u**s - 4 + 14*u**2 - 6*u**2. Calculate the remainder when l(6) is divided by 18.
14
Let m(b) = b**3 + 4*b**2 - 1. Let j be m(-4). Let a = 6 + j. Let n(d) = -d**3 - 4*d**2 - 3*d + 5. What is the remainder when n(-4) is divided by a?
2
Let g(b) = -8*b + 4. Calculate the remainder when (-198)/88*(-1 - 202/6) is divided by g(-2).
18
What is the remainder when (-14)/6*(-7 + -11)/1 is divided by 13?
3
Let n be (58/(-6))/(2/(-12)). Suppose 20 = 3*a - n. What is the remainder when 102 is divided by a?
24
Let g be ((-1)/(-3))/((-2)/18). Let x = -95 - -62. What is the remainder when 15 is divided by x/g + 6/(-2)?
7
Suppose -n + 10 = 9. Suppose a = -n + 12. Calculate the remainder when a is div